Calculate the remainder when 6263719 is divided by 2267.
2265
Calculate the remainder when 1414824 is divided by 706296.
2232
What is the remainder when 7167403 is divided by 99?
1
Calculate the remainder when 181250 is divided by 1442.
1000
What is the remainder when 24561136 is divided by 21?
19
Calculate the remainder when 366483 is divided by 116.
39
Calculate the remainder when 598308 is divided by 6040.
348
What is the remainder when 1105106 is divided by 329?
324
What is the remainder when 72683 is divided by 516?
443
What is the remainder when 3268103 is divided by 3462?
3437
What is the remainder when 161567 is divided by 1692?
827
Calculate the remainder when 62060 is divided by 29697.
2666
Calculate the remainder when 70690504 is divided by 3366214.
10
What is the remainder when 2939438 is divided by 173?
168
Calculate the remainder when 20074108 is divided by 614.
606
What is the remainder when 55039529 is divided by 3439970?
9
What is the remainder when 64856 is divided by 6889?
2855
What is the remainder when 207542 is divided by 25318?
4998
Calculate the remainder when 1359901 is divided by 194269.
18
What is the remainder when 74539 is divided by 896?
171
What is the remainder when 379527 is divided by 515?
487
Calculate the remainder when 279680538 is divided by 416.
410
What is the remainder when 221976 is divided by 227?
197
Calculate the remainder when 864535 is divided by 291.
265
Calculate the remainder when 843978 is divided by 140454.
1254
Calculate the remainder when 3762571 is divided by 73.
5
What is the remainder when 196882 is divided by 23893?
5738
What is the remainder when 20339943 is divided by 129?
126
What is the remainder when 68293 is divided by 1788?
349
What is the remainder when 43747899 is divided by 902?
899
Calculate the remainder when 1093967 is divided by 3832.
1847
What is the remainder when 420346 is divided by 19?
9
Calculate the remainder when 1130045 is divided by 128.
61
Calculate the remainder when 224286 is divided by 1219.
1209
What is the remainder when 4613263 is divided by 419385?
28
Calculate the remainder when 2965398 is divided by 73.
65
Calculate the remainder when 1859126 is divided by 89.
5
Calculate the remainder when 8127 is divided by 318.
177
Calculate the remainder when 764742 is divided by 406.
244
What is the remainder when 1804181 is divided by 3116?
17
Calculate the remainder when 1156471 is divided by 835.
831
What is the remainder when 102361 is divided by 2758?
315
Calculate the remainder when 15316440 is divided by 1178187.
9
Calculate the remainder when 1846075 is divided by 1330.
35
What is the remainder when 6530066 is divided by 120927?
8
Calculate the remainder when 40426084 is divided by 13475348.
40
What is the remainder when 7627190 is divided by 2542394?
8
Calculate the remainder when 40164699 is divided by 355.
354
What is the remainder when 334936 is divided by 920?
56
What is the remainder when 2414105 is divided by 4071?
2
What is the remainder when 3061097 is divided by 1530540?
17
What is the remainder when 74317 is divided by 315?
292
What is the remainder when 46829 is divided by 66?
35
Calculate the remainder when 2022882 is divided by 49.
15
Calculate the remainder when 15707352 is divided by 3179.
3092
What is the remainder when 196243 is divided by 4?
3
What is the remainder when 3490729 is divided by 1712?
1673
What is the remainder when 432194 is divided by 1075?
44
Calculate the remainder when 14402555 is divided by 1950.
1805
What is the remainder when 329910 is divided by 49?
42
What is the remainder when 11736908 is divided by 5868391?
126
What is the remainder when 12861234 is divided by 6430582?
70
What is the remainder when 14263032 is divided by 1018787?
14
What is the remainder when 640643 is divided by 814?
25
What is the remainder when 61014416 is divided by 3477?
20
Calculate the remainder when 796024 is divided by 18512.
8
Calculate the remainder when 15074640 is divided by 1193.
1085
What is the remainder when 773702 is divided by 69?
5
What is the remainder when 4779188 is divided by 26?
24
Calculate the remainder when 5763639 is divided by 1921210.
9
Calculate the remainder when 7000172 is divided by 142.
140
Calculate the remainder when 52475 is divided by 9472.
5115
What is the remainder when 61148611 is divided by 1974?
13
What is the remainder when 129779056 is divided by 3817031?
2
What is the remainder when 876376 is divided by 22?
6
What is the remainder when 507953520 is divided by 10582365?
0
What is the remainder when 5452293 is divided by 6?
3
What is the remainder when 185523 is divided by 10305?
33
What is the remainder when 287162 is divided by 76?
34
Calculate the remainder when 1502433 is divided by 195.
153
Calculate the remainder when 1097821 is divided by 7359.
1330
What is the remainder when 9620714 is divided by 1062?
56
What is the remainder when 14836382 is divided by 505?
492
What is the remainder when 797793 is divided by 915?
828
Calculate the remainder when 10709210 is divided by 179.
177
What is the remainder when 63670084 is divided by 109776?
4
Calculate the remainder when 406464 is divided by 50795.
104
What is the remainder when 4139251 is divided by 1379749?
4
Calculate the remainder when 143503 is divided by 323.
91
Calculate the remainder when 904840 is divided by 8080.
7960
Calculate the remainder when 835802 is divided by 135.
17
Calculate the remainder when 969975 is divided by 6.
3
What is the remainder when 5039275 is divided by 68?
67
Calculate the remainder when 100460412 is divided by 128.
124
What is the remainder when 2754559 is divided by 2048?
2047
Calculate the remainder when 243999 is divided by 48671.
644
Calculate the remainder when 10098 is divided by 1002.
78
Calculate the remainder when 78483 is divided by 9785.
203
Calculate the remainder when 118291 is divided by 192.
19
Calculate the remainder when 78157518 is divided by 560.
558
What is the remainder when 35597 is divided by 187?
67
What is the remainder when 11500 is divided by 71?
69
Calculate the remainder when 368563 is divided by 368522.
41
What is the remainder when 19919352 is divided by 23?
18
Calculate the remainder when 25713959 is divided by 9.
5
Calculate the remainder when 11478256 is divided by 11478241.
15
What is the remainder when 786808 is divided by 157352?
48
Calculate the remainder when 5173776 is divided by 862296.
0
Calculate the remainder when 5988894 is divided by 72.
6
What is the remainder when 24640424 is divided by 25992?
8
Calculate the remainder when 10371971 is divided by 6130.
11
Calculate the remainder when 62590343 is divided by 13.
10
What is the remainder when 3851235 is divided by 4802?
31
Calculate the remainder when 107337 is divided by 867.
696
Calculate the remainder when 41650 is divided by 9315.
4390
What is the remainder when 361647066 is divided by 2443?
4
What is the remainder when 298323 is divided by 149156?
11
Calculate the remainder when 2040408 is divided by 206.
184
What is the remainder when 23091441 is divided by 843?
828
What is the remainder when 446819 is divided by 1358?
37
Calculate the remainder when 6267549 is divided by 17958.
207
Calculate the remainder when 23484588 is divided by 5871145.
8
Calculate the remainder when 1089803 is divided by 83.
13
What is the remainder when 361435 is divided by 59354?
5311
Calculate the remainder when 149162955 is divided by 49720982.
9
Calculate the remainder when 6402 is divided by 163.
45
What is the remainder when 19942911 is divided by 1812990?
21
Calculate the remainder when 162434 is divided by 538.
496
What is the remainder when 74068 is divided by 18368?
596
What is the remainder when 626600562 is divided by 45?
42
Calculate the remainder when 28008030 is divided by 117.
102
What is the remainder when 466477 is divided by 209?
198
What is the remainder when 18016883 is divided by 75?
8
Calculate the remainder when 196842359 is divided by 858.
857
What is the remainder when 377851647 is divided by 501795?
12
What is the remainder when 317963 is divided by 11350?
163
What is the remainder when 7187672 is divided by 243?
218
Calculate the remainder when 220289 is divided by 5504.
129
What is the remainder when 35098